or of 18 and o?
2
Suppose -68 = -z + 3*g, -7*z - 4*g + 416 = -2*z. Suppose -12*v + z = -7*v. What is the highest common divisor of 176 and v?
16
Let a be -1*(2 - 0 - -2). Let d be 15*(28/(-3))/a. Suppose 0 = 2*b + 2*i + 3*i + 9, -d = -5*b - i. Calculate the greatest common factor of b and 56.
8
Suppose 2*s = 10 - 4, -3*s - 11 = -2*o. What is the highest common factor of o and 30?
10
Let d = 47 - 20. Let x = d + -19. What is the highest common factor of 24 and x?
8
Suppose -5*r = 2*r - 455. Let i be 134/((2 + 2)/2). Suppose 4*p = -15 + i. Calculate the greatest common factor of p and r.
13
Suppose -136 = -5*h - m, 4*h = 6*h - m - 60. What is the greatest common factor of 196 and h?
28
Let k = -68 - -187. What is the highest common factor of k and 17?
17
Suppose -8 = 6*k - 7*k. Let g be 12/(-10)*(-100)/k. Suppose -3*o + 3*z = -84, -2*z + 1 = -3. Calculate the greatest common factor of g and o.
15
Let i be (-4 + 0)*(-2940)/48. Let j be (i/10)/(1/6). Let v = 69 + -48. Calculate the greatest common divisor of v and j.
21
Let j = -5 - -9. Let v = 22 + -34. Let z be (-39)/(-2) - 6/v. What is the highest common divisor of z and j?
4
Suppose 2*g = 2*r - 2, -g = -5*r - 10 - 1. Let d be 10*r/(-6) + 1. What is the greatest common divisor of d and 2?
2
Let x be 14/21 + (-14)/(-6). Suppose -2*j + x*j - 22 = 0. What is the highest common factor of 66 and j?
22
Suppose 0*r + 4*r = -36. Let k = r - -12. Calculate the highest common divisor of k and 24.
3
Let w = 162 + -137. What is the greatest common divisor of 10 and w?
5
Let f = -6 - -16. Suppose -4*n - f = -26. Suppose g - 3*p - 13 = 0, 3*g + 2*p - 8 + 2 = 0. What is the highest common factor of n and g?
4
Let r be (-1785)/(-45) + (-2)/(-6). Calculate the highest common divisor of 5 and r.
5
Let t be (-1 - 4)*32/(-10). Let h(d) be the second derivative of 11*d**3/6 - d**2 + 4*d. Let o be h(6). What is the greatest common factor of o and t?
16
Let b be -1 + 2 + 3 + 1. Let k be 2 - (4 - (-3)/(-1)). What is the highest common factor of b and k?
1
Suppose 0 = 3*g + 2*g - 130. What is the highest common factor of g and 286?
26
Let i(k) = k**3 - 4*k**2 - k + 3. Let s be i(4). Let z be s/(-5) - 42/(-15). What is the highest common factor of 12 and z?
3
Suppose 0*i - 21 = -3*i - r, -7 = i + 5*r. Calculate the highest common factor of i and 64.
8
Let r = 4 - 1. Suppose r*b + 9 = -0*b, -3*b = -2*x + 149. Calculate the greatest common divisor of x and 10.
10
Let k = 197 + -43. Calculate the greatest common factor of k and 14.
14
Let h be ((-2)/3)/(4/(-6)). Let n be 35 - (0 - (h + -1)). What is the highest common divisor of 7 and n?
7
Let l(m) = 3*m**2 - 7*m. Let h be l(4). What is the highest common divisor of h and 15?
5
Let p be 3/(-3) + -2 + 101. What is the greatest common divisor of p and 14?
14
Let i(z) = 225*z**2 - 7*z + 3. Let h be i(1). Calculate the highest common factor of 34 and h.
17
Let d = 5 - 3. Suppose 3*x = d*h + 75 - 237, h - 59 = -4*x. What is the highest common divisor of 15 and h?
15
Let w(j) = 6 + 29*j**2 - 6 - j. Let g be w(-1). Calculate the highest common factor of 75 and g.
15
Let j be (-1)/1 + 2 - -18. Let q(x) = 11*x**2 + 6*x. Let m = 1 - 5. Let u be q(m). What is the greatest common factor of j and u?
19
Suppose -3*z - 5*w + 11 = 0, 4*w - 1 - 1 = z. Let r be z/(((-15)/(-78))/5). What is the highest common factor of r and 13?
13
Let p = 178 - 118. What is the greatest common factor of 12 and p?
12
Suppose -2*c + c = -99. Calculate the greatest common divisor of c and 9.
9
Suppose 2*y + 8 = 6*y. Let r be y + (52/1)/1. Let k = 42 + -24. Calculate the greatest common divisor of k and r.
18
Suppose -3*h + 4*f = -19, 3*h + f = 4*h - 8. What is the greatest common factor of h and 169?
13
Let c = 27 - 15. Suppose 4*l + 2*t = 28, l - 3*t + 5 = c. Suppose 5*n - 32 = -l. What is the greatest common divisor of n and 1?
1
Suppose 14*g + 1656 = 86*g. Let l(w) = -w**2 + 5*w + 4. Let n be l(6). Let h(u) = -23*u. Let p be h(n). Calculate the greatest common divisor of g and p.
23
Let r be 270/8 - 6/(-24). Let b = -66 + r. Let h = -14 - b. What is the highest common divisor of h and 36?
18
Suppose -4 + 64 = -3*f. Suppose 5*t + 15 = -0*q - q, 156 = -5*q + 2*t. Let m be (24/f)/(4/q). What is the greatest common factor of 90 and m?
9
Let s be 1/(-4) - (-9 - (-66)/24). Let a(r) = 2*r**2 + 5*r - 1. Let y be a(-5). Calculate the greatest common factor of y and s.
6
Let k(p) = 5*p - 2. Let b(c) = -c - 1. Let v(h) = 3*b(h) - k(h). Let l be v(-1). Let w be 1/(-4) - 87/(-12). What is the greatest common factor of w and l?
7
Suppose 4*o = 10 - 2. Suppose -4*h = -5*r - 27, h + 4*h - o*r = 21. What is the highest common factor of h and 33?
3
Let k = 17 - -21. Suppose 0 = 3*m + z - k, z + z = 4*m - 44. Let j be (-3)/m - 26/(-8). Calculate the highest common factor of j and 27.
3
Suppose 29 = m + g, 5*m - 9*m + 4*g = -116. Calculate the greatest common divisor of 203 and m.
29
Suppose -64 = -4*t - 0*t. Calculate the highest common divisor of 64 and t.
16
Suppose o = 2*o - 28. Calculate the highest common divisor of o and 21.
7
Suppose q - 44 = -4*x, -3*x - 85 = -3*q + 62. What is the greatest common factor of q and 12?
12
Suppose -4*k = -2*h - 80, k + 2*k - h - 62 = 0. Suppose o = -5*m + 170, 4*m - 8 = 5*o + 99. What is the highest common divisor of k and m?
11
Let a(b) = -b**3 - 6*b**2 + 2*b - 2. Let v be a(-7). Let o = v + -14. What is the greatest common factor of 19 and o?
19
Let j be 73 - (0 - -3)/3. Let d(z) = 4*z. Suppose -36 = -5*u - 3*y, y + 28 = 5*u - 0*y. Let t be d(u). What is the greatest common divisor of j and t?
24
Let p = -43 - -85. Suppose 5*w - t - 169 + p = 0, 41 = w + 5*t. Suppose 30 = 5*a - 35. What is the highest common divisor of w and a?
13
Suppose -w = -4*b + 1586, 5*b = 4*w - 728 + 2716. What is the highest common factor of 36 and b?
36
Let d be (-457)/(-4) - 12/(-16). Suppose -2*t = -5*p + d - 17, -4*t + 56 = 4*p. What is the highest common factor of p and 2?
2
Suppose -142 = -4*h - 2*q, h - 4*q + q - 25 = 0. Suppose -2*p + 2*a = -2*a - 8, 5*p - h = -4*a. What is the greatest common factor of p and 54?
6
Let i = 746 + -239. Suppose p = -3, -4*j = -2*p - i - 423. Calculate the highest common divisor of 21 and j.
21
Suppose -p - 2057 = -12*p. Calculate the greatest common divisor of p and 17.
17
Let v(q) = q**3 - 8*q**2 - 9*q - 11. Let h be v(8). Let m be (33/6)/((-3)/(-78)). Let t = m + h. Calculate the greatest common factor of t and 15.
15
Let q be (-1 - -1)*1/1. Suppose q*b = b - 28. Let h(v) = v**2 + 10*v + 3. Let d be h(-11). Calculate the highest common divisor of d and b.
14
Let f(a) = 9*a - a**2 + 1 - 1 + 2. Suppose 2*z + 3*y = 29, 2*y + 5 - 36 = -3*z. Let x be f(z). What is the greatest common factor of 24 and x?
8
Let j = 2 + 4. Let g = 11 - 5. What is the highest common factor of j and g?
6
Suppose 5*z = y + 319, 0*z + 3*z - 173 = -4*y. Let o be (-2 - -4*3)/2. Suppose 82 = o*x - 23. Calculate the highest common divisor of z and x.
21
Let n(j) = j**3 - 3*j**2 - 11*j + 4. Let c be n(7). Let q = c - 53. What is the greatest common factor of 10 and q?
10
Let f = 26 - -82. What is the highest common divisor of f and 9?
9
Suppose 5*f + 73 = 3*w, -f - f - 90 = -5*w. What is the greatest common divisor of w and 80?
16
Let n = -7 - -39. Suppose 5*i = i + n. Suppose r = 51 + 29. Calculate the highest common factor of i and r.
8
Let w(d) = 2*d**2 - 4*d - 5. Let z be w(-5). Let u be -1 - -2*21/6. Let m be (u/9 + -1)*-39. Calculate the greatest common factor of m and z.
13
Suppose -6*v = -v - 90. What is the highest common divisor of 18 and v?
18
Suppose -z - 5 = -21. Let i = -136 - -248. Calculate the highest common factor of z and i.
16
Suppose -l = -k - 7, -2*l + l - 3 = k. Calculate the highest common divisor of l and 16.
2
Let b = -7 - -9. Suppose -h + x + 22 = h, b*h = 3*x + 22. Calculate the greatest common divisor of 33 and h.
11
Suppose -25 = -5*m, 11 = 3*p + 2*m + 4. Let v = 26 + p. What is the highest common divisor of 175 and v?
25
Suppose -5*i - p + 112 = -2*p, -5*i = p - 118. Calculate the highest common divisor of i and 161.
23
Let b = -75 + 130. Let d be (0 + -1)*b/(-5). Calculate the highest common divisor of d and 22.
11
Let l be ((-15)/5 - -2)*-1. Calculate the greatest c